{"id":11,"date":"2024-07-28T22:04:31","date_gmt":"2024-07-28T20:04:31","guid":{"rendered":"http:\/\/pracaklucz.7cubes.pl\/?page_id=11"},"modified":"2024-10-02T12:03:22","modified_gmt":"2024-10-02T10:03:22","slug":"rekrutacja","status":"publish","type":"page","link":"http:\/\/pracaklucz.7cubes.pl\/?page_id=11","title":{"rendered":"REKRUTACJA"},"content":{"rendered":"\n<p>Proces rekrutacji Uczestnik\u00f3w\/-czek do Projektu b\u0119dzie otwarty, jawny, bezpo\u015bredni, prowadzony w okresie od lipca 2024 r. do listopada 2024 r. lub do momentu zrekrutowania 50 os\u00f3b.<\/p>\n\n\n\n<p><strong>ZG\u0141OSZENIA DO PROJEKTU PRZYJMOWANE B\u0118D\u0104:<\/strong><\/p>\n\n\n\n<ul class=\"wp-block-list\">\n<li>osobi\u015bcie w biurze projektu:<\/li>\n\n\n\n<li>poczt\u0105 tradycyjn\u0105 na adres biura projektu,<\/li>\n\n\n\n<li>u rekruter\u00f3w.<\/li>\n<\/ul>\n\n\n\n<p><strong>Grupa docelowa:<\/strong><\/p>\n\n\n\n<p>Grup\u0119 docelow\u0105 projektu stanowi 50 obywateli pa\u0144stw trzecich (40 kobiet\/10 m\u0119\u017cczyzn), kt\u00f3rzy s\u0105 obywatelami pa\u0144stw trzecich i przebywaj\u0105 w Polsce legalnie, s\u0105 osobami doros\u0142ymi, zamieszkuj\u0105 w rozumieniu Kodeksu Cywilnego lub przebywaj\u0105 na obszarze wojew\u00f3dztwa wielkopolskiego, nie posiadaj\u0105 obywatelstwa \u017cadnego z kraj\u00f3w UE, ani Norwegii, Islandii, Lichtensteinu, Szwajcarii, osoby na wszystkich poziomach wykszta\u0142cenia ze wzgl\u0119du na struktur\u0119 wykszta\u0142cenia oraz zjawisko pracy poni\u017cej kwalifikacji, jednocze\u015bnie nie otrzymuj\u0105 wsparcia w wi\u0119cej ni\u017c jednym projekcie dofinansowanym z Europejskiego Funduszu Spo\u0142ecznego Plus (EFS+) oraz zg\u0142aszaj\u0105 z w\u0142asnej inicjatywy ch\u0119\u0107 udzia\u0142u w projekcie.<\/p>\n\n\n\n<p><strong>PREFEROWANE GRUPY WSPARCIA TO W SZCZEG\u00d3LNO\u015aCI<\/strong><\/p>\n\n\n\n<ul class=\"wp-block-list\">\n<li>Osoby, kt\u00f3re po agresji Federacji Rosyjskiej na Ukrain\u0119 zosta\u0142y obj\u0119te ochron\u0105,<\/li>\n\n\n\n<li>Osoby pozostaj\u0105ce bez zatrudnienia (bezrobotne, bierne zawodowo), jak i pracuj\u0105ce, je\u015bli wymagaj\u0105 przewidzianych w projekcie wspar\u0107.<\/li>\n<\/ul>\n\n\n\n<p><strong>SZCZEG\u00d3\u0141OWY PODZIA\u0141 GRUPY DOCELOWEJ<\/strong><\/p>\n\n\n\n<ul class=\"wp-block-list\">\n<li>20 os\u00f3b bezrobotnych (16 kobiet\/4 m\u0119\u017cczyzn),<\/li>\n\n\n\n<li>25 os\u00f3b biernych zawodowo (20 kobiet\/5 m\u0119\u017cczyzn),<\/li>\n\n\n\n<li>5 os\u00f3b zatrudnionych (4 kobiety\/1 m\u0119\u017cczyzna),<\/li>\n\n\n\n<li>50 migrant\u00f3w (40 kobiet\/10 m\u0119\u017cczyzn),<\/li>\n\n\n\n<li>5 os\u00f3b z niepe\u0142nosprawno\u015bciami (4 kobiety\/1 m\u0119\u017cczyzna),<\/li>\n<\/ul>\n\n\n\n<p>Min. 80% Uczestnik\u00f3w\/-czek Projektu stanowi\u0107 b\u0119d\u0105 kobiety (tj. 40).<\/p>\n\n\n\n<hr class=\"wp-block-separator has-alpha-channel-opacity\"\/>\n\n\n<div class=\"caldera-grid\" id=\"caldera_form_1\" data-cf-ver=\"1.9.7\" data-cf-form-id=\"CF66a6a68289962\"><div id=\"caldera_notices_1\" data-spinner=\"http:\/\/pracaklucz.7cubes.pl\/wp-admin\/images\/spinner.gif\"><\/div><form data-instance=\"1\" class=\"CF66a6a68289962 caldera_forms_form cfajax-trigger\" method=\"POST\" enctype=\"multipart\/form-data\" id=\"CF66a6a68289962_1\" data-form-id=\"CF66a6a68289962\" aria-label=\"REKTUTACYJNY\" data-target=\"#caldera_notices_1\" data-template=\"#cfajax_CF66a6a68289962-tmpl\" data-cfajax=\"CF66a6a68289962\" data-load-element=\"_parent\" data-load-class=\"cf_processing\" data-post-disable=\"0\" data-action=\"cf_process_ajax_submit\" data-request=\"http:\/\/pracaklucz.7cubes.pl\/?cf_api=CF66a6a68289962\" data-hiderows=\"true\">\r\n<input type=\"hidden\" id=\"_cf_verify_CF66a6a68289962\" name=\"_cf_verify\" value=\"9893708591\"  data-nonce-time=\"1777972841\" \/><input type=\"hidden\" name=\"_wp_http_referer\" value=\"\/index.php?rest_route=%2Fwp%2Fv2%2Fpages%2F11\" \/><div id=\"cf2-CF66a6a68289962_1\"><\/div><input type=\"hidden\" name=\"_cf_frm_id\" value=\"CF66a6a68289962\">\r\n<input type=\"hidden\" name=\"_cf_frm_ct\" value=\"1\">\r\n<input type=\"hidden\" name=\"cfajax\" value=\"CF66a6a68289962\">\r\n<input type=\"hidden\" name=\"_cf_cr_pst\" value=\"11\">\r\n<div class=\"hide\" style=\"display:none; overflow:hidden;height:0;width:0;\">\r\n<label>Name<\/label><input type=\"text\" name=\"name\" value=\"\" autocomplete=\"off\">\r\n<\/div><div id=\"CF66a6a68289962_1-row-1\"  class=\"row  first_row\"><div  class=\"col-sm-12  single\"><div class=\"\"><h2>FORMULARZ ZG\u0141OSZENIOWY<\/h2>\n<p>Podaj swoje podstawowe dane kontaktowe, nie zapomnij tak\u017ce do\u0142\u0105czy\u0107 dokument\u00f3w rekrutacyjnych<\/p>\n<hr>\n<\/div><\/div><\/div><div id=\"CF66a6a68289962_1-row-2\"  class=\"row \"><div  class=\"col-sm-6  first_col\"><div data-field-wrapper=\"fld_8768091\" class=\"form-group\" id=\"fld_8768091_1-wrap\">\r\n\t<label id=\"fld_8768091Label\" for=\"fld_8768091_1\" class=\"control-label\">IMI\u0118 <span aria-hidden=\"true\" role=\"presentation\" class=\"field_required\" style=\"color:#ee0000;\">*<\/span><\/label>\r\n\t<div class=\"\">\r\n\t\t<input   required type=\"text\" data-field=\"fld_8768091\" class=\" form-control\" id=\"fld_8768091_1\" name=\"fld_8768091\" value=\"\" data-type=\"text\" aria-required=\"true\"   aria-labelledby=\"fld_8768091Label\" >\t\t\t<\/div>\r\n<\/div>\r\n<div data-field-wrapper=\"fld_6009157\" class=\"form-group\" id=\"fld_6009157_1-wrap\">\r\n\t<label id=\"fld_6009157Label\" for=\"fld_6009157_1\" class=\"control-label\">TW\u00d3J ADRES E-MAIL <span aria-hidden=\"true\" role=\"presentation\" class=\"field_required\" style=\"color:#ee0000;\">*<\/span><\/label>\r\n\t<div class=\"\">\r\n\t\t<input   required type=\"email\" data-field=\"fld_6009157\" class=\" form-control\" id=\"fld_6009157_1\" name=\"fld_6009157\" value=\"\" data-type=\"email\" aria-required=\"true\"   aria-labelledby=\"fld_6009157Label\" >\t\t\t<\/div>\r\n<\/div>\r\n<\/div><div  class=\"col-sm-6  last_col\"><div data-field-wrapper=\"fld_9970286\" class=\"form-group\" id=\"fld_9970286_1-wrap\">\r\n\t<label id=\"fld_9970286Label\" for=\"fld_9970286_1\" class=\"control-label\">NAZWISKO <span aria-hidden=\"true\" role=\"presentation\" class=\"field_required\" style=\"color:#ee0000;\">*<\/span><\/label>\r\n\t<div class=\"\">\r\n\t\t<input   required type=\"text\" data-field=\"fld_9970286\" class=\" form-control\" id=\"fld_9970286_1\" name=\"fld_9970286\" value=\"\" data-type=\"text\" aria-required=\"true\"   aria-labelledby=\"fld_9970286Label\" >\t\t\t<\/div>\r\n<\/div>\r\n<div data-field-wrapper=\"fld_9708378\" class=\"form-group\" id=\"fld_9708378_1-wrap\">\r\n\t<label id=\"fld_9708378Label\" for=\"fld_9708378_1\" class=\"control-label\">NUMER TELEFONU <span aria-hidden=\"true\" role=\"presentation\" class=\"field_required\" style=\"color:#ee0000;\">*<\/span><\/label>\r\n\t<div class=\"\">\r\n\t\t<input  data-inputmask=\"'mask': '(999)999-9999'\"  required type=\"phone\" data-field=\"fld_9708378\" class=\" form-control\" id=\"fld_9708378_1\" name=\"fld_9708378\" value=\"\" data-type=\"phone\" aria-required=\"true\"   aria-labelledby=\"fld_9708378Label\" >\t\t\t<\/div>\r\n<\/div>\r\n<\/div><\/div><div id=\"CF66a6a68289962_1-row-3\"  class=\"row \"><div  class=\"col-sm-12  single\"><hr id=\"fld_3783641_1\" class=\"\" style=\"width: 100%\" \/><div data-field-wrapper=\"fld_5109009\" class=\"form-group\" id=\"fld_5109009_1-wrap\">\r\n\t<label id=\"fld_5109009Label\" for=\"fld_5109009_1\" class=\"control-label\">ZA\u0141\u0104CZ DOKUMENTY ZG\u0141OSZENIOWE <span aria-hidden=\"true\" role=\"presentation\" class=\"field_required\" style=\"color:#ee0000;\">*<\/span><\/label>\r\n\t<div class=\"file-prevent-overflow\">\r\n\t\t<div id=\"fld_5109009_1_file_list\" class=\"cf-multi-uploader-list\"><\/div>\n\t\t\t\t<input type=\"file\" name=\"fld_5109009\" value=\"\" data-field=\"fld_5109009\" class=\"\" id=\"fld_5109009_1\" data-controlid=\"trupl69f9b669b117d\"   required=\"required\"   aria-labelledby=\"fld_5109009Label\">\n\t\t<input type=\"hidden\" name=\"fld_5109009\" value=\"trupl69f9b669b117d\">\n\t\t\t<\/div>\r\n<\/div>\r\n<\/div><\/div><div id=\"CF66a6a68289962_1-row-4\"  class=\"row \"><div  class=\"col-sm-12  single\"><hr id=\"fld_884201_1\" class=\"\" style=\"width: 100%\" \/><div data-field-wrapper=\"fld_7683514\" class=\"form-group\" id=\"fld_7683514_1-wrap\">\r\n\t<label id=\"fld_7683514Label\" for=\"fld_7683514_1\" class=\"control-label\">DODATKOWE INFORMACJE<\/label>\r\n\t<div class=\"\">\r\n\t\t<textarea name=\"fld_7683514\" value=\"\" data-field=\"fld_7683514\" class=\"form-control\" id=\"fld_7683514_1\" rows=\"7\"    aria-labelledby=\"fld_7683514Label\" ><\/textarea>\n\t\t\t<\/div>\r\n<\/div>\r\n<\/div><\/div><div id=\"CF66a6a68289962_1-row-5\"  class=\"row  last_row\"><div  class=\"col-sm-12  single\"><div data-field-wrapper=\"fld_7908577\" class=\"form-group\" id=\"fld_7908577_1-wrap\">\r\n<div class=\"\">\r\n\t<input  class=\"btn btn-default\" type=\"submit\" name=\"fld_7908577\" id=\"fld_7908577_1\" value=\"WY\u015aLIJ ZG\u0141OSZENIE\" data-field=\"fld_7908577\"  >\n<\/div>\r\n<\/div>\r\n\t<input class=\"button_trigger_1\" type=\"hidden\" name=\"fld_7908577\" id=\"fld_7908577_1_btn\" value=\"\" data-field=\"fld_7908577\"  \/>\n<\/div><\/div><\/form>\r\n<\/div>\r\n\n\n\n\n<div data-wp-interactive=\"core\/file\" class=\"wp-block-file\"><object data-wp-bind--hidden=\"!state.hasPdfPreview\" hidden class=\"wp-block-file__embed\" data=\"http:\/\/pracaklucz.7cubes.pl\/wp-content\/uploads\/2024\/08\/Regulamin-projektu-Praca-klucz-do-integracji-.pdf\" type=\"application\/pdf\" style=\"width:100%;height:600px\" aria-label=\"Embed of Regulamin projektu - Praca - klucz do integracji.\"><\/object><a id=\"wp-block-file--media-002f1c25-df2c-40fa-81fc-ac2399eb1c44\" href=\"http:\/\/pracaklucz.7cubes.pl\/wp-content\/uploads\/2024\/08\/Regulamin-projektu-Praca-klucz-do-integracji-.pdf\">Regulamin projektu &#8211; Praca &#8211; klucz do integracji<\/a><a href=\"http:\/\/pracaklucz.7cubes.pl\/wp-content\/uploads\/2024\/08\/Regulamin-projektu-Praca-klucz-do-integracji-.pdf\" class=\"wp-block-file__button wp-element-button\" download aria-describedby=\"wp-block-file--media-002f1c25-df2c-40fa-81fc-ac2399eb1c44\">Pobierz<\/a><\/div>\n\n\n\n<div data-wp-interactive=\"core\/file\" class=\"wp-block-file\"><object data-wp-bind--hidden=\"!state.hasPdfPreview\" hidden class=\"wp-block-file__embed\" data=\"http:\/\/pracaklucz.7cubes.pl\/wp-content\/uploads\/2024\/08\/Regulamin-Praca-klucz-do-integracji-wer.-ukrainska.pdf\" type=\"application\/pdf\" style=\"width:100%;height:600px\" aria-label=\"Embed of Regulamin ,,Praca - klucz do integracji&apos;&apos; wer. ukrai\u0144ska.\"><\/object><a id=\"wp-block-file--media-10b974f5-bd29-40c1-9dff-46b638eb830d\" href=\"http:\/\/pracaklucz.7cubes.pl\/wp-content\/uploads\/2024\/08\/Regulamin-Praca-klucz-do-integracji-wer.-ukrainska.pdf\">Regulamin ,,Praca &#8211; klucz do integracji&#8221; wer. ukrai\u0144ska<\/a><a href=\"http:\/\/pracaklucz.7cubes.pl\/wp-content\/uploads\/2024\/08\/Regulamin-Praca-klucz-do-integracji-wer.-ukrainska.pdf\" class=\"wp-block-file__button wp-element-button\" download aria-describedby=\"wp-block-file--media-10b974f5-bd29-40c1-9dff-46b638eb830d\">Pobierz<\/a><\/div>\n\n\n\n\n\n<div data-wp-interactive=\"core\/file\" class=\"wp-block-file\"><object data-wp-bind--hidden=\"!state.hasPdfPreview\" hidden class=\"wp-block-file__embed\" data=\"http:\/\/pracaklucz.7cubes.pl\/wp-content\/uploads\/2024\/08\/Zal.-nr-2-do-regulaminu-projektu-kwestionariusz-zgloszeniowy.pdf\" type=\"application\/pdf\" style=\"width:100%;height:600px\" aria-label=\"Embed of Za\u0142. nr 2 do regulaminu projektu - kwestionariusz zg\u0142oszeniowy.\"><\/object><a id=\"wp-block-file--media-76cc42b1-5924-40f7-a521-61ae499570f6\" href=\"http:\/\/pracaklucz.7cubes.pl\/wp-content\/uploads\/2024\/08\/Zal.-nr-2-do-regulaminu-projektu-kwestionariusz-zgloszeniowy.pdf\">Za\u0142. nr 2 do regulaminu projektu &#8211; kwestionariusz zg\u0142oszeniowy<\/a><a href=\"http:\/\/pracaklucz.7cubes.pl\/wp-content\/uploads\/2024\/08\/Zal.-nr-2-do-regulaminu-projektu-kwestionariusz-zgloszeniowy.pdf\" class=\"wp-block-file__button wp-element-button\" download aria-describedby=\"wp-block-file--media-76cc42b1-5924-40f7-a521-61ae499570f6\">Pobierz<\/a><\/div>\n\n\n\n<div data-wp-interactive=\"core\/file\" class=\"wp-block-file\"><object data-wp-bind--hidden=\"!state.hasPdfPreview\" hidden class=\"wp-block-file__embed\" data=\"http:\/\/pracaklucz.7cubes.pl\/wp-content\/uploads\/2024\/08\/Zal.-No-2-do-Regulaminu-kwestionariusz-wersja-ukr.pdf\" type=\"application\/pdf\" style=\"width:100%;height:600px\" aria-label=\"Embed of Za\u0142. No 2 do Regulaminu - kwestionariusz wer. ukr.\"><\/object><a id=\"wp-block-file--media-4ab09506-b4ab-407b-bd0d-7795262bc1e8\" href=\"http:\/\/pracaklucz.7cubes.pl\/wp-content\/uploads\/2024\/08\/Zal.-No-2-do-Regulaminu-kwestionariusz-wersja-ukr.pdf\">Za\u0142. No 2 do Regulaminu &#8211; kwestionariusz wer. ukr<\/a><a href=\"http:\/\/pracaklucz.7cubes.pl\/wp-content\/uploads\/2024\/08\/Zal.-No-2-do-Regulaminu-kwestionariusz-wersja-ukr.pdf\" class=\"wp-block-file__button wp-element-button\" download aria-describedby=\"wp-block-file--media-4ab09506-b4ab-407b-bd0d-7795262bc1e8\">Pobierz<\/a><\/div>\n\n\n\n<div data-wp-interactive=\"core\/file\" class=\"wp-block-file\"><object data-wp-bind--hidden=\"!state.hasPdfPreview\" hidden class=\"wp-block-file__embed\" data=\"http:\/\/pracaklucz.7cubes.pl\/wp-content\/uploads\/2024\/08\/Oswiadczenie-o-posiadanym-wyksztalceniu-Praca-klucz-do-integracji-1.pdf\" type=\"application\/pdf\" style=\"width:100%;height:600px\" aria-label=\"Embed of O\u015bwiadczenie o posiadanym wykszta\u0142ceniu ,,Praca - klucz do integracji&apos;&apos;.\"><\/object><a id=\"wp-block-file--media-a75d6014-7dcc-497b-9294-3ccc46b8f0c9\" href=\"http:\/\/pracaklucz.7cubes.pl\/wp-content\/uploads\/2024\/08\/Oswiadczenie-o-posiadanym-wyksztalceniu-Praca-klucz-do-integracji-1.pdf\">O\u015bwiadczenie o posiadanym wykszta\u0142ceniu ,,Praca &#8211; klucz do integracji&#8221;<\/a><a href=\"http:\/\/pracaklucz.7cubes.pl\/wp-content\/uploads\/2024\/08\/Oswiadczenie-o-posiadanym-wyksztalceniu-Praca-klucz-do-integracji-1.pdf\" class=\"wp-block-file__button wp-element-button\" download aria-describedby=\"wp-block-file--media-a75d6014-7dcc-497b-9294-3ccc46b8f0c9\">Pobierz<\/a><\/div>\n\n\n\n<div data-wp-interactive=\"core\/file\" class=\"wp-block-file\"><object data-wp-bind--hidden=\"!state.hasPdfPreview\" hidden class=\"wp-block-file__embed\" data=\"http:\/\/pracaklucz.7cubes.pl\/wp-content\/uploads\/2024\/08\/Osw.-o-wyksztalceniu-Praca-klucz-do-integracji-wersja-ukrainska-1.pdf\" type=\"application\/pdf\" style=\"width:100%;height:600px\" aria-label=\"Embed of O\u015bw. o wykszta\u0142ceniu ,,Praca-klucz do integracji&apos;&apos; wersja ukrai\u0144ska.\"><\/object><a id=\"wp-block-file--media-a442f9a4-8b0c-42a6-92e5-4caf28f8f859\" href=\"http:\/\/pracaklucz.7cubes.pl\/wp-content\/uploads\/2024\/08\/Osw.-o-wyksztalceniu-Praca-klucz-do-integracji-wersja-ukrainska-1.pdf\">O\u015bw. o wykszta\u0142ceniu ,,Praca-klucz do integracji&#8221; wersja ukrai\u0144ska<\/a><a href=\"http:\/\/pracaklucz.7cubes.pl\/wp-content\/uploads\/2024\/08\/Osw.-o-wyksztalceniu-Praca-klucz-do-integracji-wersja-ukrainska-1.pdf\" class=\"wp-block-file__button wp-element-button\" download aria-describedby=\"wp-block-file--media-a442f9a4-8b0c-42a6-92e5-4caf28f8f859\">Pobierz<\/a><\/div>\n\n\n\n<div data-wp-interactive=\"core\/file\" class=\"wp-block-file\"><object data-wp-bind--hidden=\"!state.hasPdfPreview\" hidden class=\"wp-block-file__embed\" data=\"http:\/\/pracaklucz.7cubes.pl\/wp-content\/uploads\/2024\/08\/Zal-nr-1-ankieta-dla-osob-z-niepelnosprawnoscia-Praca-klucz-do-integracji.pdf\" type=\"application\/pdf\" style=\"width:100%;height:600px\" aria-label=\"Embed of Za\u0142 nr 1 ankieta dla os\u00f3b z niepe\u0142nosprawno\u015bci\u0105 ,,Praca - klucz do integracji&apos;&apos;.\"><\/object><a id=\"wp-block-file--media-96a8096c-d486-4061-86c7-93c6b9f5780c\" href=\"http:\/\/pracaklucz.7cubes.pl\/wp-content\/uploads\/2024\/08\/Zal-nr-1-ankieta-dla-osob-z-niepelnosprawnoscia-Praca-klucz-do-integracji.pdf\">Za\u0142 nr 1 ankieta dla os\u00f3b z niepe\u0142nosprawno\u015bci\u0105 ,,Praca &#8211; klucz do integracji&#8221;<\/a><a href=\"http:\/\/pracaklucz.7cubes.pl\/wp-content\/uploads\/2024\/08\/Zal-nr-1-ankieta-dla-osob-z-niepelnosprawnoscia-Praca-klucz-do-integracji.pdf\" class=\"wp-block-file__button wp-element-button\" download aria-describedby=\"wp-block-file--media-96a8096c-d486-4061-86c7-93c6b9f5780c\">Pobierz<\/a><\/div>\n\n\n\n<div data-wp-interactive=\"core\/file\" class=\"wp-block-file\"><object data-wp-bind--hidden=\"!state.hasPdfPreview\" hidden class=\"wp-block-file__embed\" data=\"http:\/\/pracaklucz.7cubes.pl\/wp-content\/uploads\/2024\/08\/Zal-nr-1-Ankieta-dla-osob-z-niepelnosprawnosciami-wersja-ukrainska-2.pdf\" type=\"application\/pdf\" style=\"width:100%;height:600px\" aria-label=\"Embed of Za\u0142 nr 1 Ankieta dla os\u00f3b z niepe\u0142nosprawno\u015bciami wersja ukrai\u0144ska.\"><\/object><a id=\"wp-block-file--media-23f146c3-bf82-4d09-844d-d77911b49c2d\" href=\"http:\/\/pracaklucz.7cubes.pl\/wp-content\/uploads\/2024\/08\/Zal-nr-1-Ankieta-dla-osob-z-niepelnosprawnosciami-wersja-ukrainska-2.pdf\">Za\u0142 nr 1 Ankieta dla os\u00f3b z niepe\u0142nosprawno\u015bciami wersja ukrai\u0144ska<\/a><a href=\"http:\/\/pracaklucz.7cubes.pl\/wp-content\/uploads\/2024\/08\/Zal-nr-1-Ankieta-dla-osob-z-niepelnosprawnosciami-wersja-ukrainska-2.pdf\" class=\"wp-block-file__button wp-element-button\" download aria-describedby=\"wp-block-file--media-23f146c3-bf82-4d09-844d-d77911b49c2d\">Pobier<\/a><\/div>\n\n\n\n<div data-wp-interactive=\"core\/file\" class=\"wp-block-file\"><object data-wp-bind--hidden=\"!state.hasPdfPreview\" hidden class=\"wp-block-file__embed\" data=\"http:\/\/pracaklucz.7cubes.pl\/wp-content\/uploads\/2024\/08\/Test-plasujacy-z-jezyka-polskiego-dla-obcokrajowcow.pdf\" type=\"application\/pdf\" style=\"width:100%;height:600px\" aria-label=\"Embed of Test plasuj\u0105cy z jezyka polskiego dla obcokrajowc\u00f3w.\"><\/object><a id=\"wp-block-file--media-446cc807-5474-4c93-ac38-5bc6fc567e15\" href=\"http:\/\/pracaklucz.7cubes.pl\/wp-content\/uploads\/2024\/08\/Test-plasujacy-z-jezyka-polskiego-dla-obcokrajowcow.pdf\">Test plasuj\u0105cy z jezyka polskiego dla obcokrajowc\u00f3w<\/a><a href=\"http:\/\/pracaklucz.7cubes.pl\/wp-content\/uploads\/2024\/08\/Test-plasujacy-z-jezyka-polskiego-dla-obcokrajowcow.pdf\" class=\"wp-block-file__button wp-element-button\" download aria-describedby=\"wp-block-file--media-446cc807-5474-4c93-ac38-5bc6fc567e15\">Pobierz<\/a><\/div>\n\n\n\n<div data-wp-interactive=\"core\/file\" class=\"wp-block-file\"><object data-wp-bind--hidden=\"!state.hasPdfPreview\" hidden class=\"wp-block-file__embed\" data=\"http:\/\/pracaklucz.7cubes.pl\/wp-content\/uploads\/2024\/08\/Test-plasujacy-z-jezyka-polskiego-dla-obcokrajowcow-PDF-wersja-ukrainska.pdf\" type=\"application\/pdf\" style=\"width:100%;height:600px\" aria-label=\"Embed of Test plasuj\u0105cy z jezyka polskiego dla obcokrajowc\u00f3w PDF wersja ukrai\u0144ska.\"><\/object><a id=\"wp-block-file--media-435200ae-10be-47d0-b787-f7abbf06a39f\" href=\"http:\/\/pracaklucz.7cubes.pl\/wp-content\/uploads\/2024\/08\/Test-plasujacy-z-jezyka-polskiego-dla-obcokrajowcow-PDF-wersja-ukrainska.pdf\">Test plasuj\u0105cy z jezyka polskiego dla obcokrajowc\u00f3w PDF wersja ukrai\u0144ska<\/a><a href=\"http:\/\/pracaklucz.7cubes.pl\/wp-content\/uploads\/2024\/08\/Test-plasujacy-z-jezyka-polskiego-dla-obcokrajowcow-PDF-wersja-ukrainska.pdf\" class=\"wp-block-file__button wp-element-button\" download aria-describedby=\"wp-block-file--media-435200ae-10be-47d0-b787-f7abbf06a39f\">Pobierz<\/a><\/div>\n\n\n\n\n\n<p><\/p>\n","protected":false},"excerpt":{"rendered":"<p>Proces rekrutacji Uczestnik\u00f3w\/-czek do Projektu b\u0119dzie otwarty, jawny, bezpo\u015bredni, prowadzony w okresie od lipca 2024 r. do listopada 2024 r. lub do momentu zrekrutowania 50 os\u00f3b. ZG\u0141OSZENIA DO PROJEKTU PRZYJMOWANE B\u0118D\u0104: Grupa docelowa: Grup\u0119 docelow\u0105 projektu stanowi 50 obywateli pa\u0144stw trzecich (40 kobiet\/10 m\u0119\u017cczyzn), kt\u00f3rzy s\u0105 obywatelami pa\u0144stw trzecich i przebywaj\u0105 w Polsce legalnie, s\u0105 &hellip; <a href=\"http:\/\/pracaklucz.7cubes.pl\/?page_id=11\" class=\"more-link\">Continue reading<span class=\"screen-reader-text\"> &#8220;REKRUTACJA&#8221;<\/span><\/a><\/p>\n","protected":false},"author":1,"featured_media":0,"parent":0,"menu_order":0,"comment_status":"closed","ping_status":"closed","template":"","meta":{"footnotes":""},"class_list":["post-11","page","type-page","status-publish","hentry"],"_links":{"self":[{"href":"http:\/\/pracaklucz.7cubes.pl\/index.php?rest_route=\/wp\/v2\/pages\/11","targetHints":{"allow":["GET"]}}],"collection":[{"href":"http:\/\/pracaklucz.7cubes.pl\/index.php?rest_route=\/wp\/v2\/pages"}],"about":[{"href":"http:\/\/pracaklucz.7cubes.pl\/index.php?rest_route=\/wp\/v2\/types\/page"}],"author":[{"embeddable":true,"href":"http:\/\/pracaklucz.7cubes.pl\/index.php?rest_route=\/wp\/v2\/users\/1"}],"replies":[{"embeddable":true,"href":"http:\/\/pracaklucz.7cubes.pl\/index.php?rest_route=%2Fwp%2Fv2%2Fcomments&post=11"}],"version-history":[{"count":13,"href":"http:\/\/pracaklucz.7cubes.pl\/index.php?rest_route=\/wp\/v2\/pages\/11\/revisions"}],"predecessor-version":[{"id":159,"href":"http:\/\/pracaklucz.7cubes.pl\/index.php?rest_route=\/wp\/v2\/pages\/11\/revisions\/159"}],"wp:attachment":[{"href":"http:\/\/pracaklucz.7cubes.pl\/index.php?rest_route=%2Fwp%2Fv2%2Fmedia&parent=11"}],"curies":[{"name":"wp","href":"https:\/\/api.w.org\/{rel}","templated":true}]}}